{"id":5033,"date":"2018-06-18T17:15:38","date_gmt":"2018-06-18T17:15:38","guid":{"rendered":"http:\/\/espacio.co.cr\/rudinarquitectura\/nuevo\/?page_id=5033"},"modified":"2023-11-03T19:39:01","modified_gmt":"2023-11-03T19:39:01","slug":"diseno-de-proyectos-arquitectonicos","status":"publish","type":"page","link":"https:\/\/espacio.co.cr\/rudinarquitectura\/diseno-de-proyectos-arquitectonicos\/","title":{"rendered":"Arquitectura \u2013 Dise\u00f1o de proyectos"},"content":{"rendered":"<div class=\"wpb-content-wrapper\"><p>[vc_row css=\u00bb.vc_custom_1599752253618{margin-right: 0px !important;margin-left: 0px !important;padding-top: 0px !important;padding-bottom: 0px !important;background-position: 0 0 !important;background-repeat: repeat !important;}\u00bb][vc_column css=\u00bb.vc_custom_1529350877470{padding-top: 0px !important;padding-right: 0px !important;padding-bottom: 0px !important;padding-left: 0px !important;}\u00bb offset=\u00bbvc_col-lg-12 vc_col-md-12 vc_col-xs-12&#8243;]<div class=\"eltdf-elements-holder   eltdf-two-columns  eltdf-responsive-mode-1024 \" ><div class=\"eltdf-eh-item  eltdf-vertical-alignment-top   \" style=\"background-color: #000000\" data-item-class=\"eltdf-eh-custom-8616\" data-1366-1600=\"150px 45px 45px 125px\" data-1024-1366=\"150px 45px 45px 125px\" data-768-1024=\"130px 272px\" data-680-768=\"104px 100px 115px 100px\" data-680=\"100px 50px\">\n\t\t<div class=\"eltdf-eh-item-inner\">\n\t\t<div class=\"eltdf-eh-item-content eltdf-eh-custom-8616\" style=\"padding: 150px 45px 45px 425px\">\n\t\t\t<div class=\"eltdf-section-title-holder  eltdf-st-standard eltdf-st-title-left eltdf-st-normal-space \" style=\"text-align: right\">\n\t<div class=\"eltdf-st-inner\">\n\t\t\t\t\t<h1 class=\"eltdf-st-title\" style=\"color: #ffffff\">\n\t\t\t\t<span class=\"eltdf-st-title-bold\">Arquitectura:<\/span> dise\u00f1o de proyectos\t\t\t<\/h1>\n\t\t\t\t\t\t\t<\/div>\n<\/div>[vc_empty_space height=\u00bb30px\u00bb]\t\t<\/div>\n\t<\/div>\n<\/div>\n\n<div class=\"eltdf-eh-item  eltdf-vertical-alignment-top   \" style=\"background-color: #000000\" data-item-class=\"eltdf-eh-custom-3365\" data-1366-1600=\"150px 125px 45px 0px\" data-1024-1366=\"150px 125px 45px 0px\" data-768-1024=\"0px 20px 20px 20px\" data-680-768=\"0px 20px 20px 20px\" data-680=\"0px 20px 20px 20px\">\n\t\t<div class=\"eltdf-eh-item-inner\">\n\t\t<div class=\"eltdf-eh-item-content eltdf-eh-custom-3365\" style=\"padding: 150px 325px 45px 0px\">\n\t\t\t[vc_column_text]<span style=\"color: #ffffff;\">En Rudin Arquitectura transformamos las ideas en un resultado tangible. Los proyectos arquitect\u00f3nicos se desarrollan desde el anteproyecto hasta los planos constructivos.<\/span><\/p>\n<p><span style=\"color: #ffffff;\"><strong>Un proceso de dise\u00f1o de arquitectura se divide en dos etapas:\u00a0<\/strong>anteproyecto y planos constructivos.<\/span><\/p>\n<p><span style=\"color: #ffffff;\">La arquitectura es la disciplina desde la que se imaginan los espacios, se dise\u00f1a como se conectan entre ellos y como se perciben en la realidad. Dise\u00f1amos espacios de todo tipo, desde viviendas hasta comercios, pasando por plantas industriales.<\/span>[\/vc_column_text][vc_empty_space height=\u00bb30px\u00bb]\t\t<\/div>\n\t<\/div>\n<\/div>\n\n<\/div>[\/vc_column][\/vc_row][vc_row equal_height=\u00bbyes\u00bb css=\u00bb.vc_custom_1599751008718{margin-right: 0px !important;margin-left: 0px !important;padding-top: 0px !important;padding-bottom: 0px !important;background-position: 0 0 !important;background-repeat: repeat !important;}\u00bb][vc_column css=\u00bb.vc_custom_1524577705794{padding-top: 0px !important;padding-right: 0px !important;padding-bottom: 0px !important;padding-left: 0px !important;}\u00bb offset=\u00bbvc_col-lg-12 vc_col-md-12 vc_col-xs-12&#8243;]<div class=\"eltdf-elements-holder   eltdf-two-columns  eltdf-responsive-mode-768 \" ><div class=\"eltdf-eh-item     eltdf-eh-item-with-overlay lazyload\" style=\"background-color: #ffffff;background-image:inherit\" data-item-class=\"eltdf-eh-custom-1920\" data-1366-1600=\"157px 94px 126px 149px\" data-1024-1366=\"128px 110px 135px 110px\" data-768-1024=\"130px 272px\" data-680-768=\"104px 100px 115px 100px\" data-680=\"100px 50px\" data-bg-image=\"url(https:\/\/espacio.co.cr\/rudinarquitectura\/wp-content\/uploads\/2018\/04\/pattern.jpg)\">\n\t\t\t<div class=\"eltdf-eh-item-color-overlay\" style=\"background-color: #ffffff\"><\/div>\n\t\t<div class=\"eltdf-eh-item-inner\">\n\t\t<div class=\"eltdf-eh-item-content eltdf-eh-custom-1920\" style=\"padding: 233px 238px 241px 290px\">\n\t\t\t<div class=\"eltdf-section-title-holder  eltdf-st-standard eltdf-st-title-left eltdf-st-normal-space \" style=\"text-align: right\">\n\t<div class=\"eltdf-st-inner\">\n\t\t\t\t\t<h2 class=\"eltdf-st-title\" style=\"color: #080808\">\n\t\t\t\tAnteproyecto\t\t\t<\/h2>\n\t\t\t\t\t\t\t<div class=\"eltdf-separator-holder clearfix   \">\n\t<div class=\"eltdf-separator\" style=\"margin-bottom: 2px\"><\/div>\n<\/div>\n\t\t\t\t\t<\/div>\n<\/div>[vc_column_text]<\/p>\n<p style=\"text-align: right;\"><span style=\"font-weight: 400;\"><strong>El anteproyecto<\/strong> consiste en interpretar su visi\u00f3n de cliente en la propuesta de arquitectura del proyecto. En el proceso tomamos en cuenta, por supuesto, factores de entorno y de regulaciones. <\/span><\/p>\n<p style=\"text-align: right;\"><span style=\"font-weight: 400;\">Como todo entra por la vista, en esta etapa podr\u00e1 visualizar el resultado en modelos 3D de alta tecnolog\u00eda e im\u00e1genes fotorrealistas (renders).<\/span><\/p>\n<p>&nbsp;<\/p>\n<p style=\"text-align: right;\">Lea m\u00e1s\u00a0<a href=\"http:\/\/espacio.co.cr\/rudinarquitectura\/diseno-arquitectonico-a-la-medida\/\">aqu\u00ed<\/a>\u00a0sobre el proceso de dise\u00f1o a la medida.<\/p>\n<p>[\/vc_column_text]\t\t<\/div>\n\t<\/div>\n<\/div>\n\n<div class=\"eltdf-eh-item     \" style=\"background-color: #ffffff\" data-item-class=\"eltdf-eh-custom-4454\" data-1366-1600=\"37% 0 38% 0\" data-1024-1366=\"37% 0\">\n\t\t<div class=\"eltdf-eh-item-inner\">\n\t\t<div class=\"eltdf-eh-item-content eltdf-eh-custom-4454\" style=\"padding: 37% 0 38% 0\">\n\t\t\t<div class=\"eltdf-swaying-image-holder eltdf-si-with-border eltdf-si-to-left\">\n\t\t<div class=\"eltdf-swaying-image lazyload\" style=\"background-image:inherit\" data-bg-image=\"url(https:\/\/espacio.co.cr\/rudinarquitectura\/wp-content\/uploads\/2019\/04\/Render-estudio-blackbird-modificado.jpg)\"><\/div>\n\t\t\t<div class=\"eltdf-si-border\"  ><\/div>\n\t<\/div>\t\t<\/div>\n\t<\/div>\n<\/div>\n\n<\/div>[\/vc_column][\/vc_row][vc_row equal_height=\u00bbyes\u00bb css=\u00bb.vc_custom_1599751164144{margin-right: 0px !important;margin-left: 0px !important;padding-top: 0px !important;padding-bottom: 0px !important;background-position: 0 0 !important;background-repeat: repeat !important;}\u00bb][vc_column css=\u00bb.vc_custom_1524577705794{padding-top: 0px !important;padding-right: 0px !important;padding-bottom: 0px !important;padding-left: 0px !important;}\u00bb offset=\u00bbvc_col-lg-12 vc_col-md-12 vc_col-xs-12&#8243;]<div class=\"eltdf-elements-holder   eltdf-two-columns  eltdf-responsive-mode-1024 \" ><div class=\"eltdf-eh-item     \" style=\"background-color: #ffffff\" data-item-class=\"eltdf-eh-custom-8653\" data-1366-1600=\"37% 0 38% 0\" data-1024-1366=\"37% 0\">\n\t\t<div class=\"eltdf-eh-item-inner\">\n\t\t<div class=\"eltdf-eh-item-content eltdf-eh-custom-8653\" style=\"padding: 37% 0 38% 0\">\n\t\t\t<div class=\"eltdf-swaying-image-holder eltdf-si-with-border eltdf-si-to-right\">\n\t\t<div class=\"eltdf-swaying-image lazyload\" style=\"background-image:inherit\" data-bg-image=\"url(https:\/\/espacio.co.cr\/rudinarquitectura\/wp-content\/uploads\/2018\/06\/Planos-Arquitectonicos.jpg)\"><\/div>\n\t\t\t<div class=\"eltdf-si-border\"  ><\/div>\n\t<\/div>\t\t<\/div>\n\t<\/div>\n<\/div>\n\n<div class=\"eltdf-eh-item     eltdf-eh-item-with-overlay lazyload\" style=\"background-color: #ffffff;background-image:inherit\" data-item-class=\"eltdf-eh-custom-8819\" data-1366-1600=\"157px 149px 126px 94px\" data-1024-1366=\"128px 110px 135px 110px\" data-768-1024=\"130px 272px\" data-680-768=\"104px 100px 115px 100px\" data-680=\"100px 50px\" data-bg-image=\"url(https:\/\/espacio.co.cr\/rudinarquitectura\/wp-content\/uploads\/2018\/04\/pattern.jpg)\">\n\t\t\t<div class=\"eltdf-eh-item-color-overlay\" style=\"background-color: #ffffff\"><\/div>\n\t\t<div class=\"eltdf-eh-item-inner\">\n\t\t<div class=\"eltdf-eh-item-content eltdf-eh-custom-8819\" style=\"padding: 233px 290px 241px 238px\">\n\t\t\t<div class=\"eltdf-section-title-holder  eltdf-st-standard eltdf-st-title-left eltdf-st-normal-space \" style=\"text-align: left\">\n\t<div class=\"eltdf-st-inner\">\n\t\t\t\t\t<h2 class=\"eltdf-st-title\" style=\"color: #080808\">\n\t\t\t\tPlanos constructivos\t\t\t<\/h2>\n\t\t\t\t\t\t\t<div class=\"eltdf-separator-holder clearfix   \">\n\t<div class=\"eltdf-separator\" ><\/div>\n<\/div>\n\t\t\t\t\t<\/div>\n<\/div>[vc_column_text]<span style=\"font-weight: 400;\"><strong>Los planos constructivos<\/strong>\u00a0es la etapa en la que se desarrolla t\u00e9cnicamente el proyecto. Durante este periodo usted como cliente puede relajarse, mientras la Arq. Rudin coordina y desmenuza todos los detalles de su proyecto con su equipo interdisciplinario de trabajo. <\/span><\/p>\n<p><span style=\"font-weight: 400;\">El resultado ser\u00e1 el <strong>set de planos arquitect\u00f3nicos, planos estructurales y planos electromec\u00e1nicos necesarios<\/strong> para los tr\u00e1mites de permisos y la construcci\u00f3n de la obra.<\/span><\/p>\n<p><strong>\u00a1Perm\u00edtanos plasmar sus ideas en realidad!<\/strong><\/p>\n<p>Lea m\u00e1s <a href=\"http:\/\/espacio.co.cr\/rudinarquitectura\/diseno-arquitectonico-a-la-medida\/\">aqu\u00ed<\/a> sobre el proceso de dise\u00f1o a la medida.[\/vc_column_text]\t\t<\/div>\n\t<\/div>\n<\/div>\n\n<\/div>[\/vc_column][\/vc_row][vc_row][vc_column][vc_empty_space height=\u00bb64px\u00bb][\/vc_column][\/vc_row][vc_row css=\u00bb.vc_custom_1524662744566{margin-right: 0px !important;margin-left: 0px !important;padding-top: 0px !important;padding-bottom: 0px !important;background-position: 0 0 !important;background-repeat: repeat !important;}\u00bb][vc_column css=\u00bb.vc_custom_1524577705794{padding-top: 0px !important;padding-right: 0px !important;padding-bottom: 0px !important;padding-left: 0px !important;}\u00bb offset=\u00bbvc_col-lg-12 vc_col-md-12 vc_col-xs-12&#8243;]<div class=\"eltdf-elements-holder   eltdf-one-column  eltdf-responsive-mode-768 \" ><div class=\"eltdf-eh-item     \"  data-item-class=\"eltdf-eh-custom-4215\">\n\t\t<div class=\"eltdf-eh-item-inner\">\n\t\t<div class=\"eltdf-eh-item-content eltdf-eh-custom-4215\" >\n\t\t\t<div class=\"eltdf-section-title-holder  eltdf-st-standard eltdf-st-title-left eltdf-st-normal-space \" style=\"text-align: center\">\n\t<div class=\"eltdf-st-inner\">\n\t\t\t\t\t<h2 class=\"eltdf-st-title\" >\n\t\t\t\tOtros servicios\t\t\t<\/h2>\n\t\t\t\t\t\t\t<div class=\"eltdf-separator-holder clearfix   \">\n\t<div class=\"eltdf-separator\" ><\/div>\n<\/div>\n\t\t\t\t\t<\/div>\n<\/div>\t\t<\/div>\n\t<\/div>\n<\/div>\n\n<\/div>[\/vc_column][\/vc_row][vc_row][vc_column][vc_empty_space height=\u00bb64px\u00bb][\/vc_column][\/vc_row][vc_row row_content_width=\u00bbgrid\u00bb content_text_aligment=\u00bbcenter\u00bb][vc_column width=\u00bb1\/3&#8243;]<div class=\"eltdf-single-image-holder   \">\n    <div class=\"eltdf-si-inner\" >\n                                    <img decoding=\"async\" width=\"1280\" height=\"960\" data-src=\"https:\/\/espacio.co.cr\/rudinarquitectura\/wp-content\/uploads\/2018\/06\/Direccion-Tecnica-Alma-Arquitectura-1.jpg\" class=\"attachment-full size-full lazyload\" alt=\"supervisar construccion costa rica\" data-srcset=\"https:\/\/espacio.co.cr\/rudinarquitectura\/wp-content\/uploads\/2018\/06\/Direccion-Tecnica-Alma-Arquitectura-1.jpg 1280w, https:\/\/espacio.co.cr\/rudinarquitectura\/wp-content\/uploads\/2018\/06\/Direccion-Tecnica-Alma-Arquitectura-1-600x450.jpg 600w, https:\/\/espacio.co.cr\/rudinarquitectura\/wp-content\/uploads\/2018\/06\/Direccion-Tecnica-Alma-Arquitectura-1-300x225.jpg 300w, https:\/\/espacio.co.cr\/rudinarquitectura\/wp-content\/uploads\/2018\/06\/Direccion-Tecnica-Alma-Arquitectura-1-768x576.jpg 768w, https:\/\/espacio.co.cr\/rudinarquitectura\/wp-content\/uploads\/2018\/06\/Direccion-Tecnica-Alma-Arquitectura-1-1024x768.jpg 1024w\" data-sizes=\"(max-width: 1280px) 100vw, 1280px\" src=\"data:image\/svg+xml;base64,PHN2ZyB3aWR0aD0iMSIgaGVpZ2h0PSIxIiB4bWxucz0iaHR0cDovL3d3dy53My5vcmcvMjAwMC9zdmciPjwvc3ZnPg==\" style=\"--smush-placeholder-width: 1280px; --smush-placeholder-aspect-ratio: 1280\/960;\" \/>                        <\/div>\n<\/div><div class=\"eltdf-elements-holder   eltdf-one-column  eltdf-responsive-mode-768 \" ><div class=\"eltdf-eh-item     \"  data-item-class=\"eltdf-eh-custom-5886\" data-1366-1600=\"28px 0 50px 0\" data-1024-1366=\"28px 0 50px 0\" data-768-1024=\"28px 0 50px 0\" data-680-768=\"28px 0 50px 0\" data-680=\"28px 0 50px 0\">\n\t\t<div class=\"eltdf-eh-item-inner\">\n\t\t<div class=\"eltdf-eh-item-content eltdf-eh-custom-5886\" style=\"padding: 28px 5% 50px\">\n\t\t\t<div class=\"eltdf-section-title-holder  eltdf-st-standard eltdf-st-title-left eltdf-st-normal-space \" style=\"text-align: center\">\n\t<div class=\"eltdf-st-inner\">\n\t\t\t\t\t<h3 class=\"eltdf-st-title\" >\n\t\t\t\tConstrucci\u00f3n\t\t\t<\/h3>\n\t\t\t\t\t\t\t<\/div>\n<\/div>[vc_empty_space height=\u00bb18px\u00bb]<div class=\"eltd-separator-with-icon-holder clearfix\">\n\n    <div class=\"eltd-icon-holder\">\n        <span class=\"eltd-separator-left\" style=\"border-top: 1px solid #cccccc\"><\/span>\n        <i class=\"eltdf-icon-font-awesome fa fa-wrench \" ><\/i>        <span class=\"eltd-separator-right\" style=\"border-top: 1px solid #cccccc\"><\/span>\n    <\/div>\n<\/div>[vc_empty_space height=\u00bb10px\u00bb][vc_column_text]<span style=\"font-weight: 400;\">La Arq. Rudin dirige cada proyecto para garantizar la correcta ejecuci\u00f3n de la obra en aspectos t\u00e9cnicos, de materiales y procesos constructivos.<\/span><\/p>\n<p>[\/vc_column_text][vc_empty_space height=\u00bb10px\u00bb]<a itemprop=\"url\" href=\"http:\/\/espacio.co.cr\/rudinarquitectura\/construccion-de-obra\/\" target=\"_self\" style=\"color: #000000;background-color: rgba(255,255,255,0.01);border-color: rgba(255,255,255,0.01);font-weight: 600\" class=\"eltdf-btn eltdf-btn-medium eltdf-btn-solid eltdf-btn-custom-hover-bg eltdf-btn-custom-border-hover eltdf-btn-custom-hover-color eltdf-btn-icon\" data-hover-color=\"#f48d61\" data-hover-bg-color=\"rgba(255,255,255,0.01)\" data-hover-border-color=\"rgba(255,255,255,0.01)\" >\n    <span class=\"eltdf-btn-text\">Ver m\u00e1s<\/span>\n    <i class=\"eltdf-icon-font-awesome fa fa-arrow-right \" ><\/i><\/a>\t\t<\/div>\n\t<\/div>\n<\/div>\n\n<\/div>[\/vc_column][vc_column width=\u00bb1\/3&#8243;]<div class=\"eltdf-single-image-holder   \">\n    <div class=\"eltdf-si-inner\" >\n                                    <img decoding=\"async\" width=\"1280\" height=\"960\" data-src=\"https:\/\/espacio.co.cr\/rudinarquitectura\/wp-content\/uploads\/2023\/11\/asesoria-arquitectura-costa-rica.jpg\" class=\"attachment-full size-full lazyload\" alt=\"consultor\u00eda arquitectura costa rica\" data-srcset=\"https:\/\/espacio.co.cr\/rudinarquitectura\/wp-content\/uploads\/2023\/11\/asesoria-arquitectura-costa-rica.jpg 1280w, https:\/\/espacio.co.cr\/rudinarquitectura\/wp-content\/uploads\/2023\/11\/asesoria-arquitectura-costa-rica-300x225.jpg 300w, https:\/\/espacio.co.cr\/rudinarquitectura\/wp-content\/uploads\/2023\/11\/asesoria-arquitectura-costa-rica-1024x768.jpg 1024w, https:\/\/espacio.co.cr\/rudinarquitectura\/wp-content\/uploads\/2023\/11\/asesoria-arquitectura-costa-rica-768x576.jpg 768w\" data-sizes=\"(max-width: 1280px) 100vw, 1280px\" src=\"data:image\/svg+xml;base64,PHN2ZyB3aWR0aD0iMSIgaGVpZ2h0PSIxIiB4bWxucz0iaHR0cDovL3d3dy53My5vcmcvMjAwMC9zdmciPjwvc3ZnPg==\" style=\"--smush-placeholder-width: 1280px; --smush-placeholder-aspect-ratio: 1280\/960;\" \/>                        <\/div>\n<\/div><div class=\"eltdf-elements-holder   eltdf-one-column  eltdf-responsive-mode-768 \" ><div class=\"eltdf-eh-item     \"  data-item-class=\"eltdf-eh-custom-2493\" data-1366-1600=\"28px 0 50px 0\" data-1024-1366=\"28px 0 50px 0\" data-768-1024=\"28px 0 50px 0\" data-680-768=\"28px 0 50px 0\" data-680=\"28px 0 50px 0\">\n\t\t<div class=\"eltdf-eh-item-inner\">\n\t\t<div class=\"eltdf-eh-item-content eltdf-eh-custom-2493\" style=\"padding: 28px 5% 50px\">\n\t\t\t<div class=\"eltdf-section-title-holder  eltdf-st-standard eltdf-st-title-left eltdf-st-normal-space \" style=\"text-align: center\">\n\t<div class=\"eltdf-st-inner\">\n\t\t\t\t\t<h3 class=\"eltdf-st-title\" >\n\t\t\t\tSesi\u00f3n de trabajo\t\t\t<\/h3>\n\t\t\t\t\t\t\t<\/div>\n<\/div>[vc_empty_space height=\u00bb18px\u00bb]<div class=\"eltd-separator-with-icon-holder clearfix\">\n\n    <div class=\"eltd-icon-holder\">\n        <span class=\"eltd-separator-left\" style=\"border-top: 1px solid #cccccc\"><\/span>\n        <i class=\"eltdf-icon-ion-icon ion-ios-timer-outline \" ><\/i>        <span class=\"eltd-separator-right\" style=\"border-top: 1px solid #cccccc\"><\/span>\n    <\/div>\n<\/div>[vc_empty_space height=\u00bb10px\u00bb][vc_column_text]Solicite una reuni\u00f3n con la Arq. Rudin para resolver dudas sobre su proyecto existente o en proceso. Se resuelven problemas y se dibujan ideas aplicables en tiempo real.<\/p>\n<p>[\/vc_column_text][vc_empty_space height=\u00bb10px\u00bb]<a itemprop=\"url\" href=\"https:\/\/espacio.co.cr\/rudinarquitectura\/sesion-de-trabajo\/\" target=\"_self\" style=\"color: #000000;background-color: rgba(255,255,255,0.01);border-color: rgba(255,255,255,0.01);font-weight: 600\" class=\"eltdf-btn eltdf-btn-medium eltdf-btn-solid eltdf-btn-custom-hover-bg eltdf-btn-custom-border-hover eltdf-btn-custom-hover-color eltdf-btn-icon\" data-hover-color=\"#f48d61\" data-hover-bg-color=\"rgba(255,255,255,0.01)\" data-hover-border-color=\"rgba(255,255,255,0.01)\" >\n    <span class=\"eltdf-btn-text\">Ver m\u00e1s<\/span>\n    <i class=\"eltdf-icon-font-awesome fa fa-arrow-right \" ><\/i><\/a>\t\t<\/div>\n\t<\/div>\n<\/div>\n\n<\/div>[\/vc_column][vc_column width=\u00bb1\/3&#8243;]<div class=\"eltdf-single-image-holder   \">\n    <div class=\"eltdf-si-inner\" >\n                                    <img decoding=\"async\" width=\"1280\" height=\"960\" data-src=\"https:\/\/espacio.co.cr\/rudinarquitectura\/wp-content\/uploads\/2023\/11\/Diseno-interno-costarica-1.jpg\" class=\"attachment-full size-full lazyload\" alt=\"dise\u00f1o interno costa rica\" data-srcset=\"https:\/\/espacio.co.cr\/rudinarquitectura\/wp-content\/uploads\/2023\/11\/Diseno-interno-costarica-1.jpg 1280w, https:\/\/espacio.co.cr\/rudinarquitectura\/wp-content\/uploads\/2023\/11\/Diseno-interno-costarica-1-300x225.jpg 300w, https:\/\/espacio.co.cr\/rudinarquitectura\/wp-content\/uploads\/2023\/11\/Diseno-interno-costarica-1-1024x768.jpg 1024w, https:\/\/espacio.co.cr\/rudinarquitectura\/wp-content\/uploads\/2023\/11\/Diseno-interno-costarica-1-768x576.jpg 768w\" data-sizes=\"(max-width: 1280px) 100vw, 1280px\" src=\"data:image\/svg+xml;base64,PHN2ZyB3aWR0aD0iMSIgaGVpZ2h0PSIxIiB4bWxucz0iaHR0cDovL3d3dy53My5vcmcvMjAwMC9zdmciPjwvc3ZnPg==\" style=\"--smush-placeholder-width: 1280px; --smush-placeholder-aspect-ratio: 1280\/960;\" \/>                        <\/div>\n<\/div><div class=\"eltdf-elements-holder   eltdf-one-column  eltdf-responsive-mode-768 \" ><div class=\"eltdf-eh-item     \"  data-item-class=\"eltdf-eh-custom-1858\" data-1366-1600=\"28px 0 50px 0\" data-1024-1366=\"28px 0 50px 0\" data-768-1024=\"28px 0 50px 0\" data-680-768=\"28px 0 50px 0\" data-680=\"28px 0 50px 0\">\n\t\t<div class=\"eltdf-eh-item-inner\">\n\t\t<div class=\"eltdf-eh-item-content eltdf-eh-custom-1858\" style=\"padding: 28px 5% 50px\">\n\t\t\t<div class=\"eltdf-section-title-holder  eltdf-st-standard eltdf-st-title-left eltdf-st-normal-space \" style=\"text-align: center\">\n\t<div class=\"eltdf-st-inner\">\n\t\t\t\t\t<h3 class=\"eltdf-st-title\" >\n\t\t\t\tDise\u00f1o Interno\t\t\t<\/h3>\n\t\t\t\t\t\t\t<\/div>\n<\/div>[vc_empty_space height=\u00bb18px\u00bb]<div class=\"eltd-separator-with-icon-holder clearfix\">\n\n    <div class=\"eltd-icon-holder\">\n        <span class=\"eltd-separator-left\" style=\"border-top: 1px solid #cccccc\"><\/span>\n        <i class=\"eltdf-icon-font-awesome fa fa-paint-brush \" ><\/i>        <span class=\"eltd-separator-right\" style=\"border-top: 1px solid #cccccc\"><\/span>\n    <\/div>\n<\/div>[vc_empty_space height=\u00bb10px\u00bb][vc_column_text]<span style=\"font-weight: 400;\">\u00a1Imaginamos completamente! Sabemos que cada quien tiene sus gustos, por eso nos ajustamos a la visi\u00f3n que tiene para<\/span><span style=\"font-weight: 400;\">\u00a0su hogar, comercio o planta industrial.<\/span><\/p>\n<p>[\/vc_column_text][vc_empty_space height=\u00bb10px\u00bb]<a itemprop=\"url\" href=\"http:\/\/espacio.co.cr\/rudinarquitectura\/diseno-interno\/\" target=\"_self\" style=\"color: #000000;background-color: rgba(255,255,255,0.01);border-color: rgba(255,255,255,0.01);font-weight: 600\" class=\"eltdf-btn eltdf-btn-medium eltdf-btn-solid eltdf-btn-custom-hover-bg eltdf-btn-custom-border-hover eltdf-btn-custom-hover-color eltdf-btn-icon\" data-hover-color=\"#f48d61\" data-hover-bg-color=\"rgba(255,255,255,0.01)\" data-hover-border-color=\"rgba(255,255,255,0.01)\" >\n    <span class=\"eltdf-btn-text\">Ver m\u00e1s<\/span>\n    <i class=\"eltdf-icon-font-awesome fa fa-arrow-right \" ><\/i><\/a>\t\t<\/div>\n\t<\/div>\n<\/div>\n\n<\/div>[\/vc_column][\/vc_row][vc_row][vc_column][vc_empty_space][\/vc_column][\/vc_row][vc_row content_placement=\u00bbmiddle\u00bb row_content_width=\u00bbgrid\u00bb content_text_aligment=\u00bbcenter\u00bb css=\u00bb.vc_custom_1599692378084{margin-right: 10% !important;margin-left: 10% !important;padding-top: 0px !important;padding-bottom: 0px !important;background-position: 0 0 !important;background-repeat: repeat !important;}\u00bb][vc_column css=\u00bb.vc_custom_1524577705794{padding-top: 0px !important;padding-right: 0px !important;padding-bottom: 0px !important;padding-left: 0px !important;}\u00bb offset=\u00bbvc_col-lg-12 vc_col-md-12 vc_col-xs-12&#8243;]<div class=\"eltdf-elements-holder   eltdf-two-columns  eltdf-responsive-mode-1024 eltdf-one-column-alignment-center\" ><div class=\"eltdf-eh-item  eltdf-vertical-alignment-top   \" style=\"background-color: #ffffff\" data-item-class=\"eltdf-eh-custom-1389\">\n\t\t<div class=\"eltdf-eh-item-inner\">\n\t\t<div class=\"eltdf-eh-item-content eltdf-eh-custom-1389\" >\n\t\t\t<a itemprop=\"url\" href=\"tel:88416181\" target=\"_self\"  class=\"eltdf-btn eltdf-btn-medium eltdf-btn-solid\"  >\n    <span class=\"eltdf-btn-text\">Ll\u00e1menos<\/span>\n    <\/a>[vc_empty_space height=\u00bb10px\u00bb]\t\t<\/div>\n\t<\/div>\n<\/div>\n\n<div class=\"eltdf-eh-item  eltdf-vertical-alignment-top   \" style=\"background-color: #ffffff\" data-item-class=\"eltdf-eh-custom-7495\">\n\t\t<div class=\"eltdf-eh-item-inner\">\n\t\t<div class=\"eltdf-eh-item-content eltdf-eh-custom-7495\" style=\"padding: 0\">\n\t\t\t<a itemprop=\"url\" href=\"http:\/\/espacio.co.cr\/rudinarquitectura\/contacto\/\" target=\"_self\"  class=\"eltdf-btn eltdf-btn-medium eltdf-btn-solid\"  >\n    <span class=\"eltdf-btn-text\">Conversemos<\/span>\n    <\/a>[vc_empty_space height=\u00bb10px\u00bb]\t\t<\/div>\n\t<\/div>\n<\/div>\n\n<\/div>[\/vc_column][\/vc_row][vc_row][vc_column][vc_empty_space height=\u00bb64px\u00bb][\/vc_column][\/vc_row][vc_row][vc_column][vc_column_text][\/vc_column_text][\/vc_column][\/vc_row]<\/p>\n<\/div>","protected":false},"excerpt":{"rendered":"<p>[vc_row css=\u00bb.vc_custom_1599752253618{margin-right: 0px !important;margin-left: 0px !important;padding-top: 0px !important;padding-bottom: 0px !important;background-position: 0 0 !important;background-repeat: repeat !important;}\u00bb][vc_column css=\u00bb.vc_custom_1529350877470{padding-top: 0px !important;padding-right: 0px !important;padding-bottom: 0px !important;padding-left: 0px !important;}\u00bb offset=\u00bbvc_col-lg-12 vc_col-md-12 vc_col-xs-12&#8243;][\/vc_column][\/vc_row][vc_row equal_height=\u00bbyes\u00bb css=\u00bb.vc_custom_1599751008718{margin-right: 0px !important;margin-left: 0px !important;padding-top: 0px !important;padding-bottom: 0px !important;background-position: 0 0 !important;background-repeat: [&hellip;]<\/p>\n","protected":false},"author":1,"featured_media":0,"parent":0,"menu_order":0,"comment_status":"closed","ping_status":"closed","template":"full-width.php","meta":{"_monsterinsights_skip_tracking":false,"_monsterinsights_sitenote_active":false,"_monsterinsights_sitenote_note":"","_monsterinsights_sitenote_category":0,"footnotes":"","_links_to":"","_links_to_target":""},"class_list":["post-5033","page","type-page","status-publish","hentry"],"_links":{"self":[{"href":"https:\/\/espacio.co.cr\/rudinarquitectura\/wp-json\/wp\/v2\/pages\/5033","targetHints":{"allow":["GET"]}}],"collection":[{"href":"https:\/\/espacio.co.cr\/rudinarquitectura\/wp-json\/wp\/v2\/pages"}],"about":[{"href":"https:\/\/espacio.co.cr\/rudinarquitectura\/wp-json\/wp\/v2\/types\/page"}],"author":[{"embeddable":true,"href":"https:\/\/espacio.co.cr\/rudinarquitectura\/wp-json\/wp\/v2\/users\/1"}],"replies":[{"embeddable":true,"href":"https:\/\/espacio.co.cr\/rudinarquitectura\/wp-json\/wp\/v2\/comments?post=5033"}],"version-history":[{"count":107,"href":"https:\/\/espacio.co.cr\/rudinarquitectura\/wp-json\/wp\/v2\/pages\/5033\/revisions"}],"predecessor-version":[{"id":10869,"href":"https:\/\/espacio.co.cr\/rudinarquitectura\/wp-json\/wp\/v2\/pages\/5033\/revisions\/10869"}],"wp:attachment":[{"href":"https:\/\/espacio.co.cr\/rudinarquitectura\/wp-json\/wp\/v2\/media?parent=5033"}],"curies":[{"name":"wp","href":"https:\/\/api.w.org\/{rel}","templated":true}]}}