{"id":195,"date":"2024-10-15T16:50:10","date_gmt":"2024-10-15T16:50:10","guid":{"rendered":"https:\/\/espacio.co.cr\/eliminarhumedad\/?page_id=195"},"modified":"2025-06-30T15:55:34","modified_gmt":"2025-06-30T15:55:34","slug":"inicio","status":"publish","type":"page","link":"https:\/\/espacio.co.cr\/eliminarhumedad\/","title":{"rendered":"Inicio"},"content":{"rendered":"\n<div class=\"nfd-container wp-block-group alignfull is-layout-constrained wp-block-group-is-layout-constrained\">\n<div class=\"nfd-container is-style-default wp-block-cover alignfull is-light\" style=\"min-height:415px;aspect-ratio:unset;\"><img loading=\"lazy\" decoding=\"async\" width=\"2560\" height=\"1706\" class=\"wp-block-cover__image-background wp-image-32\" alt=\"\" src=\"https:\/\/hrz.fnf.mybluehost.me\/website_5179c667\/wp-content\/uploads\/2024\/08\/humedad-en-paredes.jpeg\" style=\"object-position:44% 7%\" data-object-fit=\"cover\" data-object-position=\"44% 7%\" srcset=\"https:\/\/espacio.co.cr\/eliminarhumedad\/wp-content\/uploads\/2024\/08\/humedad-en-paredes.jpeg 2560w, https:\/\/espacio.co.cr\/eliminarhumedad\/wp-content\/uploads\/2024\/08\/humedad-en-paredes-300x200.jpeg 300w, https:\/\/espacio.co.cr\/eliminarhumedad\/wp-content\/uploads\/2024\/08\/humedad-en-paredes-1024x682.jpeg 1024w, https:\/\/espacio.co.cr\/eliminarhumedad\/wp-content\/uploads\/2024\/08\/humedad-en-paredes-768x512.jpeg 768w, https:\/\/espacio.co.cr\/eliminarhumedad\/wp-content\/uploads\/2024\/08\/humedad-en-paredes-1536x1024.jpeg 1536w, https:\/\/espacio.co.cr\/eliminarhumedad\/wp-content\/uploads\/2024\/08\/humedad-en-paredes-2048x1365.jpeg 2048w, https:\/\/espacio.co.cr\/eliminarhumedad\/wp-content\/uploads\/2024\/08\/humedad-en-paredes-600x400.jpeg 600w\" sizes=\"auto, (max-width: 2560px) 100vw, 2560px\" \/><span aria-hidden=\"true\" class=\"wp-block-cover__background has-background-dim-30 has-background-dim\" style=\"background-color:#c3c2bc\"><\/span><div class=\"wp-block-cover__inner-container is-layout-constrained wp-block-cover-is-layout-constrained\">\n<div class=\"wp-block-columns is-layout-flex wp-container-core-columns-is-layout-28f84493 wp-block-columns-is-layout-flex\">\n<div class=\"wp-block-column is-layout-flow wp-block-column-is-layout-flow\" style=\"flex-basis:50%\">\n<div class=\"nfd-container nfd-p-md wp-block-group is-vertical is-content-justification-left is-layout-flex wp-container-core-group-is-layout-a1af20c0 wp-block-group-is-layout-flex\">\n<div style=\"height:0px\" aria-hidden=\"true\" class=\"wp-block-spacer wp-container-content-7a8a7e73\"><\/div>\n\n\n\n<h1 class=\"nfd-text-giga wp-block-heading has-white-color has-text-color\" style=\"font-size:clamp(2.021rem, 2.021rem + ((1vw - 0.2rem) * 1.707), 3.6rem);\"><mark style=\"background-color:rgba(0, 0, 0, 0)\" class=\"has-inline-color has-custom-humicontrol-claro-color\">Elimine la humedad de las paredes<\/mark><\/h1>\n\n\n\n<p class=\"has-text-align-left\">Mursec Eco es la soluci\u00f3n definitiva para humedad por capilaridad. A trav\u00e9s de la tecnolog\u00eda electro-\u00f3smosis inal\u00e1mbrica, detiene el problema desde su ra\u00edz y para siempre.<\/p>\n\n\n\n<p class=\"\">Mursec Eco quita la humedad de las paredes para siempre. \u00a1Sus paredes volver\u00e1n a estar sanas y limpias!<\/p>\n\n\n\n<div class=\"wp-block-buttons is-layout-flex wp-block-buttons-is-layout-flex\">\n<div class=\"nfd-btn-xl nfd-rounded-full wp-block-button\"><a class=\"wp-block-button__link wp-element-button\" href=\"https:\/\/espacio.co.cr\/eliminarhumedad\/contacto\/\" style=\"padding-top:var(--wp--preset--spacing--10);padding-right:var(--wp--preset--spacing--40);padding-bottom:var(--wp--preset--spacing--10);padding-left:var(--wp--preset--spacing--40)\">Solicite su cotizaci\u00f3n<\/a><\/div>\n<\/div>\n<\/div>\n\n\n\n<div style=\"height:18px\" aria-hidden=\"true\" class=\"wp-block-spacer\"><\/div>\n<\/div>\n\n\n\n<div class=\"wp-block-column is-vertically-aligned-center is-layout-flow wp-block-column-is-layout-flow\" style=\"flex-basis:45%\">\n<figure class=\"wp-block-image alignright size-large\"><img loading=\"lazy\" decoding=\"async\" width=\"1024\" height=\"744\" src=\"https:\/\/espacio.co.cr\/eliminarhumedad\/wp-content\/uploads\/2024\/10\/CAJA-CON-MURSEC-ECO-compressed-1-1024x744.png\" alt=\"dispositivo electroosmosis inalambrica\" class=\"wp-image-224\" srcset=\"https:\/\/espacio.co.cr\/eliminarhumedad\/wp-content\/uploads\/2024\/10\/CAJA-CON-MURSEC-ECO-compressed-1-1024x744.png 1024w, https:\/\/espacio.co.cr\/eliminarhumedad\/wp-content\/uploads\/2024\/10\/CAJA-CON-MURSEC-ECO-compressed-1-300x218.png 300w\" sizes=\"auto, (max-width: 1024px) 100vw, 1024px\" \/><\/figure>\n<\/div>\n<\/div>\n<\/div><\/div>\n<\/div>\n\n\n\n<div class=\"nfd-container nfd-bg-surface nfd-theme-white is-style-nfd-theme-white wp-block-group alignfull is-layout-constrained wp-container-core-group-is-layout-19e250f3 wp-block-group-is-layout-constrained\">\n<div class=\"wp-block-columns is-layout-flex wp-container-core-columns-is-layout-28232c24 wp-block-columns-is-layout-flex\">\n<div class=\"md:nfd-order-2 nfd-p-card-square-lg wp-block-column is-vertically-aligned-center is-layout-flow wp-container-core-column-is-layout-8eebadab wp-block-column-is-layout-flow\">\n<h2 class=\"nfd-text-xl nfd-text-contrast nfd-text-balance wp-block-heading\">\u00bfPor qu\u00e9 hay humedad?<\/h2>\n\n\n\n<div class=\"nfd-text-faded wp-block-group is-content-justification-left is-layout-constrained wp-container-core-group-is-layout-7526a028 wp-block-group-is-layout-constrained\">\n<p class=\"\">La humedad por capilaridad ocurre porque la tierra donde est\u00e1 la propiedad est\u00e1 h\u00fameda y las mol\u00e9culas de agua suben a trav\u00e9s de la cimentaci\u00f3n. Esto puede ser por:<\/p>\n\n\n\n<ul class=\"wp-block-list\">\n<li class=\"\">Nivel fre\u00e1tico alto: El agua que existe naturalmente bajo la tierra est\u00e1 muy cerca de la superficie.<\/li>\n\n\n\n<li class=\"\">Mala infiltraci\u00f3n de suelo: Cuesta mucho que la lluvia drene bien dentro de la tierra.<\/li>\n\n\n\n<li class=\"\">Falta de barrera impermeable: La cimentaci\u00f3n no est\u00e1 protegida en todas sus caras con barreras impermeables. <\/li>\n<\/ul>\n<\/div>\n\n\n\n<div class=\"wp-block-buttons is-layout-flex wp-block-buttons-is-layout-flex\">\n<div class=\"is-style-fill wp-block-button\"><a class=\"wp-block-button__link has-contrast-color has-base-background-color has-text-color has-background has-link-color has-x-small-font-size has-custom-font-size wp-element-button\" href=\"https:\/\/espacio.co.cr\/eliminarhumedad\/humedad-capilaridad\/\" style=\"border-radius:23px\">CONOZCA M\u00c1S<\/a><\/div>\n<\/div>\n<\/div>\n\n\n\n<div class=\"wp-block-column is-vertically-aligned-center is-layout-flow wp-container-core-column-is-layout-8a368f38 wp-block-column-is-layout-flow\" style=\"flex-basis:50%\">\n<div class=\"wp-block-group is-layout-constrained wp-block-group-is-layout-constrained\">\n<figure class=\"wp-block-image size-large has-custom-border\"><img loading=\"lazy\" decoding=\"async\" width=\"1024\" height=\"1024\" src=\"https:\/\/espacio.co.cr\/eliminarhumedad\/wp-content\/uploads\/2024\/10\/Mursec-Eco-Causa-humedad-por-capilaridad-edited-1024x1024.png\" alt=\"por qu\u00e9 hay humedad por capilaridad\" class=\"wp-image-204\" style=\"border-top-left-radius:0px;border-top-right-radius:0px;border-bottom-right-radius:240px;aspect-ratio:1;object-fit:cover\" srcset=\"https:\/\/espacio.co.cr\/eliminarhumedad\/wp-content\/uploads\/2024\/10\/Mursec-Eco-Causa-humedad-por-capilaridad-edited-1024x1024.png 1024w, https:\/\/espacio.co.cr\/eliminarhumedad\/wp-content\/uploads\/2024\/10\/Mursec-Eco-Causa-humedad-por-capilaridad-edited-300x300.png 300w, https:\/\/espacio.co.cr\/eliminarhumedad\/wp-content\/uploads\/2024\/10\/Mursec-Eco-Causa-humedad-por-capilaridad-edited-150x150.png 150w, https:\/\/espacio.co.cr\/eliminarhumedad\/wp-content\/uploads\/2024\/10\/Mursec-Eco-Causa-humedad-por-capilaridad-edited-768x768.png 768w, https:\/\/espacio.co.cr\/eliminarhumedad\/wp-content\/uploads\/2024\/10\/Mursec-Eco-Causa-humedad-por-capilaridad-edited-1536x1536.png 1536w\" sizes=\"auto, (max-width: 1024px) 100vw, 1024px\" \/><\/figure>\n<\/div>\n<\/div>\n<\/div>\n\n\n\n<div class=\"wp-block-columns is-layout-flex wp-container-core-columns-is-layout-28232c24 wp-block-columns-is-layout-flex\">\n<div class=\"wp-block-column is-vertically-aligned-top is-layout-flow wp-block-column-is-layout-flow\" style=\"flex-basis:50%\">\n<div class=\"wp-block-group is-content-justification-center is-layout-constrained wp-block-group-is-layout-constrained\">\n<figure class=\"wp-block-image size-full has-custom-border\"><img loading=\"lazy\" decoding=\"async\" width=\"1356\" height=\"974\" src=\"https:\/\/espacio.co.cr\/eliminarhumedad\/wp-content\/uploads\/2024\/10\/Captura-de-pantalla-2024-10-15-a-las-10.49.00\u202fa.-m.png\" alt=\"electroosmosis inalambrica mursec eco\" class=\"wp-image-206\" style=\"border-top-left-radius:240px;border-top-right-radius:0px;border-bottom-left-radius:0px;aspect-ratio:1;object-fit:cover\" srcset=\"https:\/\/espacio.co.cr\/eliminarhumedad\/wp-content\/uploads\/2024\/10\/Captura-de-pantalla-2024-10-15-a-las-10.49.00\u202fa.-m.png 1356w, https:\/\/espacio.co.cr\/eliminarhumedad\/wp-content\/uploads\/2024\/10\/Captura-de-pantalla-2024-10-15-a-las-10.49.00\u202fa.-m-300x215.png 300w, https:\/\/espacio.co.cr\/eliminarhumedad\/wp-content\/uploads\/2024\/10\/Captura-de-pantalla-2024-10-15-a-las-10.49.00\u202fa.-m-1024x736.png 1024w, https:\/\/espacio.co.cr\/eliminarhumedad\/wp-content\/uploads\/2024\/10\/Captura-de-pantalla-2024-10-15-a-las-10.49.00\u202fa.-m-768x552.png 768w, https:\/\/espacio.co.cr\/eliminarhumedad\/wp-content\/uploads\/2024\/10\/Captura-de-pantalla-2024-10-15-a-las-10.49.00\u202fa.-m-600x431.png 600w\" sizes=\"auto, (max-width: 1356px) 100vw, 1356px\" \/><\/figure>\n<\/div>\n<\/div>\n\n\n\n<div class=\"md:nfd-order-2 nfd-p-card-square-lg wp-block-column is-vertically-aligned-center is-layout-flow wp-container-core-column-is-layout-8eebadab wp-block-column-is-layout-flow\">\n<h2 class=\"nfd-text-xl nfd-text-contrast nfd-text-balance wp-block-heading\">\u00bfC\u00f3mo eliminar la humedad por capilaridad?<\/h2>\n\n\n\n<div class=\"nfd-text-faded wp-block-group is-content-justification-left is-layout-constrained wp-container-core-group-is-layout-7526a028 wp-block-group-is-layout-constrained\">\n<p class=\"\">Mursec Eco detiene el problema de ra\u00edz: evita que el agua suba por las paredes en primer lugar. Al detener este proceso, se elimina la humedad por completo.<\/p>\n\n\n\n<div class=\"wp-block-buttons is-layout-flex wp-block-buttons-is-layout-flex\">\n<div class=\"is-style-fill wp-block-button\"><a class=\"wp-block-button__link has-contrast-color has-base-background-color has-text-color has-background has-link-color has-x-small-font-size has-custom-font-size wp-element-button\" href=\"https:\/\/espacio.co.cr\/eliminarhumedad\/mursec-eco\/\" style=\"border-radius:23px\">CONOZCA M\u00c1S<\/a><\/div>\n<\/div>\n<\/div>\n<\/div>\n<\/div>\n\n\n\n<div class=\"wp-block-columns is-layout-flex wp-container-core-columns-is-layout-28232c24 wp-block-columns-is-layout-flex\">\n<div class=\"md:nfd-order-2 nfd-p-card-square-lg wp-block-column is-vertically-aligned-center is-layout-flow wp-container-core-column-is-layout-8eebadab wp-block-column-is-layout-flow\">\n<h2 class=\"nfd-text-xl nfd-text-contrast nfd-text-balance wp-block-heading\">\u00a1Solucione la humedad para siempre! <\/h2>\n\n\n\n<div class=\"nfd-text-faded wp-block-group is-content-justification-left is-layout-constrained wp-container-core-group-is-layout-7526a028 wp-block-group-is-layout-constrained\">\n<p class=\"\">Mursec Eco es f\u00e1cil y r\u00e1pido de instalar. En poco tiempo podr\u00e1 tener sus paredes bonitas y saludables.<\/p>\n\n\n\n<p class=\"\">Fabricado bajo est\u00e1ndares Europeos, tiene 30 a\u00f1os de garant\u00eda.<\/p>\n<\/div>\n\n\n\n<div class=\"wp-block-buttons is-layout-flex wp-block-buttons-is-layout-flex\">\n<div class=\"is-style-fill wp-block-button\"><a class=\"wp-block-button__link wp-element-button\" href=\"https:\/\/espacio.co.cr\/eliminarhumedad\/contacto\/\" style=\"border-radius:40px;padding-right:93px;padding-left:93px\">Cotice su Mursec Eco<\/a><\/div>\n<\/div>\n<\/div>\n\n\n\n<div class=\"wp-block-column is-vertically-aligned-center is-layout-flow wp-container-core-column-is-layout-8a368f38 wp-block-column-is-layout-flow\" style=\"flex-basis:50%\">\n<div class=\"wp-block-group is-layout-constrained wp-block-group-is-layout-constrained\">\n<figure class=\"wp-block-image size-large has-custom-border\"><img loading=\"lazy\" decoding=\"async\" width=\"1024\" height=\"1024\" src=\"https:\/\/espacio.co.cr\/eliminarhumedad\/wp-content\/uploads\/2024\/10\/Mursec-Eco-1200x1200-1-1024x1024.png\" alt=\"proteger paredes contra humedad\" class=\"wp-image-199\" style=\"border-top-left-radius:0px;border-top-right-radius:0px;border-bottom-right-radius:240px;aspect-ratio:1;object-fit:cover\" srcset=\"https:\/\/espacio.co.cr\/eliminarhumedad\/wp-content\/uploads\/2024\/10\/Mursec-Eco-1200x1200-1-1024x1024.png 1024w, https:\/\/espacio.co.cr\/eliminarhumedad\/wp-content\/uploads\/2024\/10\/Mursec-Eco-1200x1200-1-300x300.png 300w, https:\/\/espacio.co.cr\/eliminarhumedad\/wp-content\/uploads\/2024\/10\/Mursec-Eco-1200x1200-1-150x150.png 150w, https:\/\/espacio.co.cr\/eliminarhumedad\/wp-content\/uploads\/2024\/10\/Mursec-Eco-1200x1200-1-768x768.png 768w, https:\/\/espacio.co.cr\/eliminarhumedad\/wp-content\/uploads\/2024\/10\/Mursec-Eco-1200x1200-1-600x600.png 600w, https:\/\/espacio.co.cr\/eliminarhumedad\/wp-content\/uploads\/2024\/10\/Mursec-Eco-1200x1200-1.png 1201w\" sizes=\"auto, (max-width: 1024px) 100vw, 1024px\" \/><\/figure>\n<\/div>\n<\/div>\n<\/div>\n<\/div>\n\n\n\n<div class=\"nfd-container nfd-p-lg nfd-bg-surface nfd-theme-darker is-style-nfd-theme-darker wp-block-group is-layout-constrained wp-container-core-group-is-layout-b1ab6e45 wp-block-group-is-layout-constrained\">\n<div class=\"nfd-gap-lg wp-block-group is-vertical is-content-justification-center is-layout-flex wp-container-core-group-is-layout-ce155fab wp-block-group-is-layout-flex\">\n<h4 class=\"wp-block-heading nfd-text-huge nfd-text-current md:nfd-no-br has-text-align-center has-x-large-font-size\">\u00a1Adi\u00f3s humedad!<\/h4>\n\n\n\n<div class=\"nfd-text-md nfd-text-faded wp-block-group is-layout-constrained wp-container-core-group-is-layout-21deba94 wp-block-group-is-layout-constrained\">\n<p class=\"has-text-align-center\">Elimine la humedad de sus paredes por siempre<\/p>\n<\/div>\n<\/div>\n\n\n\n<div class=\"wp-block-columns is-layout-flex wp-container-core-columns-is-layout-d77b315f wp-block-columns-is-layout-flex\">\n<div class=\"wp-block-column is-layout-flow wp-container-core-column-is-layout-1a0eff7f wp-block-column-is-layout-flow\"><\/div>\n\n\n\n<div class=\"wp-block-column is-layout-flow wp-container-core-column-is-layout-1a0eff7f wp-block-column-is-layout-flow\">\n<div class=\"wp-block-group is-content-justification-left is-layout-constrained wp-container-core-group-is-layout-5425d6cf wp-block-group-is-layout-constrained\">\n<p class=\"nfd-text-sm nfd-text-secondary has-text-align-center\" style=\"text-transform:uppercase\">Costa rica<\/p>\n\n\n\n<p class=\"nfd-text-base nfd-text-current has-text-align-center\"><strong>Consulte por disponibilidad en Centroam\u00e9rica<\/strong><\/p>\n<\/div>\n\n\n\n<div class=\"nfd-text-base wp-block-group is-content-justification-left is-layout-constrained wp-container-core-group-is-layout-12dd3699 wp-block-group-is-layout-constrained\">\n<p class=\"has-text-align-center\" style=\"font-style:normal;font-weight:400\">T: (+506) 8448-8244 <br>E: info@eliminehumedad.com<\/p>\n<\/div>\n<\/div>\n\n\n\n<div class=\"wp-block-column is-layout-flow wp-container-core-column-is-layout-1a0eff7f wp-block-column-is-layout-flow\"><\/div>\n<\/div>\n<\/div>\n","protected":false},"excerpt":{"rendered":"<p>\u00bfPor qu\u00e9 hay humedad? La humedad por capilaridad ocurre porque la tierra donde est\u00e1 la propiedad est\u00e1 h\u00fameda y las mol\u00e9culas de agua suben a trav\u00e9s de la cimentaci\u00f3n. Esto puede ser por: \u00bfC\u00f3mo eliminar la humedad por capilaridad? Mursec Eco detiene el problema de ra\u00edz: evita que el agua suba por las paredes en [&hellip;]<\/p>\n","protected":false},"author":2,"featured_media":0,"parent":0,"menu_order":0,"comment_status":"closed","ping_status":"closed","template":"no-title","meta":{"nf_dc_page":"","footnotes":""},"class_list":["post-195","page","type-page","status-publish","hentry"],"yoast_head":"<!-- This site is optimized with the Yoast SEO plugin v27.4 - https:\/\/yoast.com\/product\/yoast-seo-wordpress\/ -->\n<title>Inicio - Elimine la humedad<\/title>\n<meta name=\"description\" content=\"Mursec Eco: la soluci\u00f3n definitiva que elimina la humedad por capilaridad para siempre, cortando el problema de ra\u00edz.\" \/>\n<meta name=\"robots\" content=\"index, follow, max-snippet:-1, max-image-preview:large, max-video-preview:-1\" \/>\n<link rel=\"canonical\" href=\"https:\/\/espacio.co.cr\/eliminarhumedad\/\" \/>\n<meta property=\"og:locale\" content=\"en_US\" \/>\n<meta property=\"og:type\" content=\"article\" \/>\n<meta property=\"og:title\" content=\"Elimine la humedad de las paredes\" \/>\n<meta property=\"og:description\" content=\"Mursec Eco: la soluci\u00f3n definitiva que elimina la humedad por capilaridad para siempre, cortando el problema de ra\u00edz.\" \/>\n<meta property=\"og:url\" content=\"https:\/\/espacio.co.cr\/eliminarhumedad\/\" \/>\n<meta property=\"og:site_name\" content=\"Elimine la humedad\" \/>\n<meta property=\"article:modified_time\" content=\"2025-06-30T15:55:34+00:00\" \/>\n<meta property=\"og:image\" content=\"https:\/\/espacio.co.cr\/eliminarhumedad\/wp-content\/uploads\/2024\/10\/Mursec-Eco-1200x1200-1.png\" \/>\n\t<meta property=\"og:image:width\" content=\"1201\" \/>\n\t<meta property=\"og:image:height\" content=\"1201\" \/>\n\t<meta property=\"og:image:type\" content=\"image\/png\" \/>\n<meta name=\"twitter:card\" content=\"summary_large_image\" \/>\n<meta name=\"twitter:label1\" content=\"Est. reading time\" \/>\n\t<meta name=\"twitter:data1\" content=\"3 minutes\" \/>\n<script type=\"application\/ld+json\" class=\"yoast-schema-graph\">{\"@context\":\"https:\\\/\\\/schema.org\",\"@graph\":[{\"@type\":\"WebPage\",\"@id\":\"https:\\\/\\\/espacio.co.cr\\\/eliminarhumedad\\\/\",\"url\":\"https:\\\/\\\/espacio.co.cr\\\/eliminarhumedad\\\/\",\"name\":\"Inicio - Elimine la humedad\",\"isPartOf\":{\"@id\":\"https:\\\/\\\/espacio.co.cr\\\/eliminarhumedad\\\/#website\"},\"primaryImageOfPage\":{\"@id\":\"https:\\\/\\\/espacio.co.cr\\\/eliminarhumedad\\\/#primaryimage\"},\"image\":{\"@id\":\"https:\\\/\\\/espacio.co.cr\\\/eliminarhumedad\\\/#primaryimage\"},\"thumbnailUrl\":\"https:\\\/\\\/hrz.fnf.mybluehost.me\\\/website_5179c667\\\/wp-content\\\/uploads\\\/2024\\\/08\\\/humedad-en-paredes.jpeg\",\"datePublished\":\"2024-10-15T16:50:10+00:00\",\"dateModified\":\"2025-06-30T15:55:34+00:00\",\"description\":\"Mursec Eco: la soluci\u00f3n definitiva que elimina la humedad por capilaridad para siempre, cortando el problema de ra\u00edz.\",\"breadcrumb\":{\"@id\":\"https:\\\/\\\/espacio.co.cr\\\/eliminarhumedad\\\/#breadcrumb\"},\"inLanguage\":\"en-US\",\"potentialAction\":[{\"@type\":\"ReadAction\",\"target\":[\"https:\\\/\\\/espacio.co.cr\\\/eliminarhumedad\\\/\"]}]},{\"@type\":\"ImageObject\",\"inLanguage\":\"en-US\",\"@id\":\"https:\\\/\\\/espacio.co.cr\\\/eliminarhumedad\\\/#primaryimage\",\"url\":\"https:\\\/\\\/hrz.fnf.mybluehost.me\\\/website_5179c667\\\/wp-content\\\/uploads\\\/2024\\\/08\\\/humedad-en-paredes.jpeg\",\"contentUrl\":\"https:\\\/\\\/hrz.fnf.mybluehost.me\\\/website_5179c667\\\/wp-content\\\/uploads\\\/2024\\\/08\\\/humedad-en-paredes.jpeg\"},{\"@type\":\"BreadcrumbList\",\"@id\":\"https:\\\/\\\/espacio.co.cr\\\/eliminarhumedad\\\/#breadcrumb\",\"itemListElement\":[{\"@type\":\"ListItem\",\"position\":1,\"name\":\"Home\",\"item\":\"https:\\\/\\\/espacio.co.cr\\\/eliminarhumedad\\\/\"},{\"@type\":\"ListItem\",\"position\":2,\"name\":\"Inicio\"}]},{\"@type\":\"WebSite\",\"@id\":\"https:\\\/\\\/espacio.co.cr\\\/eliminarhumedad\\\/#website\",\"url\":\"https:\\\/\\\/espacio.co.cr\\\/eliminarhumedad\\\/\",\"name\":\"Elimine la humedad\",\"description\":\"La soluci\u00f3n definitiva de humedad en las paredes\",\"publisher\":{\"@id\":\"https:\\\/\\\/espacio.co.cr\\\/eliminarhumedad\\\/#organization\"},\"potentialAction\":[{\"@type\":\"SearchAction\",\"target\":{\"@type\":\"EntryPoint\",\"urlTemplate\":\"https:\\\/\\\/espacio.co.cr\\\/eliminarhumedad\\\/?s={search_term_string}\"},\"query-input\":{\"@type\":\"PropertyValueSpecification\",\"valueRequired\":true,\"valueName\":\"search_term_string\"}}],\"inLanguage\":\"en-US\"},{\"@type\":\"Organization\",\"@id\":\"https:\\\/\\\/espacio.co.cr\\\/eliminarhumedad\\\/#organization\",\"name\":\"Elimine la humedad\",\"url\":\"https:\\\/\\\/espacio.co.cr\\\/eliminarhumedad\\\/\",\"logo\":{\"@type\":\"ImageObject\",\"inLanguage\":\"en-US\",\"@id\":\"https:\\\/\\\/espacio.co.cr\\\/eliminarhumedad\\\/#\\\/schema\\\/logo\\\/image\\\/\",\"url\":\"https:\\\/\\\/espacio.co.cr\\\/eliminarhumedad\\\/wp-content\\\/uploads\\\/2024\\\/08\\\/logo-espacio-y-tecnologia_negro.png\",\"contentUrl\":\"https:\\\/\\\/espacio.co.cr\\\/eliminarhumedad\\\/wp-content\\\/uploads\\\/2024\\\/08\\\/logo-espacio-y-tecnologia_negro.png\",\"width\":640,\"height\":307,\"caption\":\"Elimine la humedad\"},\"image\":{\"@id\":\"https:\\\/\\\/espacio.co.cr\\\/eliminarhumedad\\\/#\\\/schema\\\/logo\\\/image\\\/\"}}]}<\/script>\n<!-- \/ Yoast SEO plugin. -->","yoast_head_json":{"title":"Inicio - Elimine la humedad","description":"Mursec Eco: la soluci\u00f3n definitiva que elimina la humedad por capilaridad para siempre, cortando el problema de ra\u00edz.","robots":{"index":"index","follow":"follow","max-snippet":"max-snippet:-1","max-image-preview":"max-image-preview:large","max-video-preview":"max-video-preview:-1"},"canonical":"https:\/\/espacio.co.cr\/eliminarhumedad\/","og_locale":"en_US","og_type":"article","og_title":"Elimine la humedad de las paredes","og_description":"Mursec Eco: la soluci\u00f3n definitiva que elimina la humedad por capilaridad para siempre, cortando el problema de ra\u00edz.","og_url":"https:\/\/espacio.co.cr\/eliminarhumedad\/","og_site_name":"Elimine la humedad","article_modified_time":"2025-06-30T15:55:34+00:00","og_image":[{"width":1201,"height":1201,"url":"https:\/\/espacio.co.cr\/eliminarhumedad\/wp-content\/uploads\/2024\/10\/Mursec-Eco-1200x1200-1.png","type":"image\/png"}],"twitter_card":"summary_large_image","twitter_misc":{"Est. reading time":"3 minutes"},"schema":{"@context":"https:\/\/schema.org","@graph":[{"@type":"WebPage","@id":"https:\/\/espacio.co.cr\/eliminarhumedad\/","url":"https:\/\/espacio.co.cr\/eliminarhumedad\/","name":"Inicio - Elimine la humedad","isPartOf":{"@id":"https:\/\/espacio.co.cr\/eliminarhumedad\/#website"},"primaryImageOfPage":{"@id":"https:\/\/espacio.co.cr\/eliminarhumedad\/#primaryimage"},"image":{"@id":"https:\/\/espacio.co.cr\/eliminarhumedad\/#primaryimage"},"thumbnailUrl":"https:\/\/hrz.fnf.mybluehost.me\/website_5179c667\/wp-content\/uploads\/2024\/08\/humedad-en-paredes.jpeg","datePublished":"2024-10-15T16:50:10+00:00","dateModified":"2025-06-30T15:55:34+00:00","description":"Mursec Eco: la soluci\u00f3n definitiva que elimina la humedad por capilaridad para siempre, cortando el problema de ra\u00edz.","breadcrumb":{"@id":"https:\/\/espacio.co.cr\/eliminarhumedad\/#breadcrumb"},"inLanguage":"en-US","potentialAction":[{"@type":"ReadAction","target":["https:\/\/espacio.co.cr\/eliminarhumedad\/"]}]},{"@type":"ImageObject","inLanguage":"en-US","@id":"https:\/\/espacio.co.cr\/eliminarhumedad\/#primaryimage","url":"https:\/\/hrz.fnf.mybluehost.me\/website_5179c667\/wp-content\/uploads\/2024\/08\/humedad-en-paredes.jpeg","contentUrl":"https:\/\/hrz.fnf.mybluehost.me\/website_5179c667\/wp-content\/uploads\/2024\/08\/humedad-en-paredes.jpeg"},{"@type":"BreadcrumbList","@id":"https:\/\/espacio.co.cr\/eliminarhumedad\/#breadcrumb","itemListElement":[{"@type":"ListItem","position":1,"name":"Home","item":"https:\/\/espacio.co.cr\/eliminarhumedad\/"},{"@type":"ListItem","position":2,"name":"Inicio"}]},{"@type":"WebSite","@id":"https:\/\/espacio.co.cr\/eliminarhumedad\/#website","url":"https:\/\/espacio.co.cr\/eliminarhumedad\/","name":"Elimine la humedad","description":"La soluci\u00f3n definitiva de humedad en las paredes","publisher":{"@id":"https:\/\/espacio.co.cr\/eliminarhumedad\/#organization"},"potentialAction":[{"@type":"SearchAction","target":{"@type":"EntryPoint","urlTemplate":"https:\/\/espacio.co.cr\/eliminarhumedad\/?s={search_term_string}"},"query-input":{"@type":"PropertyValueSpecification","valueRequired":true,"valueName":"search_term_string"}}],"inLanguage":"en-US"},{"@type":"Organization","@id":"https:\/\/espacio.co.cr\/eliminarhumedad\/#organization","name":"Elimine la humedad","url":"https:\/\/espacio.co.cr\/eliminarhumedad\/","logo":{"@type":"ImageObject","inLanguage":"en-US","@id":"https:\/\/espacio.co.cr\/eliminarhumedad\/#\/schema\/logo\/image\/","url":"https:\/\/espacio.co.cr\/eliminarhumedad\/wp-content\/uploads\/2024\/08\/logo-espacio-y-tecnologia_negro.png","contentUrl":"https:\/\/espacio.co.cr\/eliminarhumedad\/wp-content\/uploads\/2024\/08\/logo-espacio-y-tecnologia_negro.png","width":640,"height":307,"caption":"Elimine la humedad"},"image":{"@id":"https:\/\/espacio.co.cr\/eliminarhumedad\/#\/schema\/logo\/image\/"}}]}},"_links":{"self":[{"href":"https:\/\/espacio.co.cr\/eliminarhumedad\/wp-json\/wp\/v2\/pages\/195","targetHints":{"allow":["GET"]}}],"collection":[{"href":"https:\/\/espacio.co.cr\/eliminarhumedad\/wp-json\/wp\/v2\/pages"}],"about":[{"href":"https:\/\/espacio.co.cr\/eliminarhumedad\/wp-json\/wp\/v2\/types\/page"}],"author":[{"embeddable":true,"href":"https:\/\/espacio.co.cr\/eliminarhumedad\/wp-json\/wp\/v2\/users\/2"}],"replies":[{"embeddable":true,"href":"https:\/\/espacio.co.cr\/eliminarhumedad\/wp-json\/wp\/v2\/comments?post=195"}],"version-history":[{"count":15,"href":"https:\/\/espacio.co.cr\/eliminarhumedad\/wp-json\/wp\/v2\/pages\/195\/revisions"}],"predecessor-version":[{"id":287,"href":"https:\/\/espacio.co.cr\/eliminarhumedad\/wp-json\/wp\/v2\/pages\/195\/revisions\/287"}],"wp:attachment":[{"href":"https:\/\/espacio.co.cr\/eliminarhumedad\/wp-json\/wp\/v2\/media?parent=195"}],"curies":[{"name":"wp","href":"https:\/\/api.w.org\/{rel}","templated":true}]}}